2 = -74. Let a = l + -53. Calculate the greatest common factor of a and 5.
5
Let b(t) = -t**3 + 3*t**2 + t - 4. Let l be b(3). Let a = 3 + l. Suppose 0*g + a*g - 144 = 0. Calculate the greatest common factor of g and 9.
9
Suppose 0 = 2*n - 15 - 7. Let b = 24 + -13. What is the highest common divisor of n and b?
11
Let j(f) = f - 2. Let u be j(18). Calculate the highest common factor of 40 and u.
8
Let u = -9 + 29. What is the greatest common divisor of 50 and u?
10
Let p be 280/50 + ((-4)/5)/(-2). Calculate the greatest common divisor of 30 and p.
6
Suppose 0 = 8*k - 4*k + i + 2, -k - 2 = i. Suppose k = -3*h + 150 - 24. What is the greatest common factor of h and 6?
6
Let b(o) be the second derivative of -o**3/6 + 39*o**2/2 + 2*o. Let z be b(0). Calculate the highest common factor of z and 13.
13
Suppose 0 = 4*p + d - 16, p + 3*d = -2*d + 23. Suppose 0 = 4*r + 2*c + 24, 22 = -p*r - r - c. Let n = r - -7. What is the greatest common factor of 14 and n?
2
Let y = -36 - -66. What is the highest common divisor of y and 30?
30
Let z be -2*((-3)/6)/(-1). Let t be (z - 1)*3/(-2). Suppose -183 = -2*p + t*g, 5*p - 5*g = -8*g + 405. Calculate the highest common divisor of 12 and p.
12
Let z = 40 + -6. What is the greatest common divisor of z and 34?
34
Suppose 3*p = 5*n + 350, 2*p = -p - n + 326. What is the highest common factor of 44 and p?
22
Let j = 5 - 3. Let u = j + 0. Suppose u*v = -m + 7, -v - 2 + 0 = -5*m. Calculate the greatest common divisor of 4 and m.
1
Let q = 20 + -8. Let u be (-12)/(-10)*5/2. Let r(o) = 13*o**2 - 3*o. Let n be r(u). What is the greatest common factor of n and q?
12
Let s = 52 + -31. Let r = s + -10. Suppose 0 = -0*o - 3*o + 99. What is the highest common divisor of r and o?
11
Let i(u) = 4*u**2 + 2*u + 5. Let h be i(4). Let s = 152 - h. Let k(j) = j**2 + 3*j - 3. Let m be k(3). What is the greatest common divisor of m and s?
15
Let x be (-484)/(-24) + 1/(-6). Suppose 0 = z - 0*z + 1. Let u = z - -3. Calculate the greatest common factor of u and x.
2
Let f be (0 + (-30)/2)*-3. Suppose r - f = -4*r. Let k = 14 - r. What is the highest common factor of 25 and k?
5
Suppose 0 = 2*d + 5*c - 745, -c = 2*d - 740 - 1. Calculate the highest common factor of 37 and d.
37
Let d = 165 - 46. What is the greatest common divisor of d and 17?
17
Suppose b + 5*h - 75 = 0, b + 0*h - 66 = 4*h. Calculate the highest common factor of b and 35.
35
Let q(u) = -u**2 - 10*u - 11. Let o be q(-9). Let s be (-26)/o + 1/1. What is the highest common factor of 112 and s?
14
Let i(q) = 4*q**2 - 31*q + 7. Let l(j) = 3*j**2 - 21*j + 5. Let n(t) = -5*i(t) + 7*l(t). Let x be n(9). Calculate the greatest common divisor of x and 17.
17
Let p(o) = 8*o**2 + 8*o + 5. Let d be p(-5). What is the highest common divisor of 15 and d?
15
Let q = 69 + -68. Suppose c + 3 - 5 = 0. Calculate the greatest common factor of c and q.
1
Suppose 4*h - 39 = 45. Suppose 0 = -2*y + 8, -3*g + 7*y - 4*y - 3 = 0. What is the greatest common factor of g and h?
3
Suppose b - 17 = -0*b + 4*m, 49 = 2*b - 3*m. What is the highest common factor of b and 29?
29
Let t(f) = f**2 - 9*f + 4. Let w be t(8). Let n be (-1 - 0)/(w + 3). Let v be (n*-1)/((-3)/21). Calculate the highest common divisor of v and 7.
7
Let d be 9 - 8 - (-2)/1. Suppose 0 = -5*q - 2*o - o + 105, q = 3*o + d. Calculate the highest common factor of 45 and q.
9
Let d(p) = -12*p - 1. Let j be d(-1). Suppose 0 = 5*i - i + 5*b - 479, 126 = i - 5*b. What is the greatest common divisor of i and j?
11
Let x = 2 + 23. Suppose -4*l + 161 - x = 0. What is the greatest common factor of 85 and l?
17
Let y(q) = -q - 4. Let d be y(-2). Let g = d - -4. Suppose 2*k - 30 = -2*j, 4*j - 23 = g*j + 5*k. Calculate the greatest common divisor of 14 and j.
14
Let g(l) = -l**3 + l**2 + 14. Let y be g(0). Suppose -a = -4*j + 448, 0*j + 112 = j - 5*a. What is the greatest common divisor of y and j?
14
Let r(g) = -6*g + 14 + 0*g**3 - 6 + 9*g**2 - g**3. Let u be r(8). Calculate the greatest common divisor of u and 6.
6
Suppose -3*x = 5*b - 77, 2*b + x - 2*x = 22. Let i = -347 + 506. Suppose 75 + i = 2*v. Calculate the greatest common divisor of v and b.
13
Let y(h) = 20*h**3 + h**2 + 2*h. Let q be y(2). What is the greatest common divisor of 21 and q?
21
Let u = 282 + -183. Let v be (1 + 0)*(0 - -9). What is the highest common factor of v and u?
9
Let i = -21 + 77. Let x(p) = -4*p + 1. Let j be x(3). Let q = 19 + j. Calculate the highest common divisor of q and i.
8
Suppose 26 = -6*z + 194. Calculate the highest common divisor of 4 and z.
4
Let i = -13 - -20. Let l(j) = -7*j**3 - 3*j**2 - 3*j - 1. Let f be l(-2). Calculate the greatest common factor of f and i.
7
Suppose -3*a + 43 = -140. Suppose 3*m = 6 + 9. Suppose a = m*h - 14. What is the highest common factor of 6 and h?
3
Let o(q) = -q**2 + 25*q**3 - 3 - 4*q + 4 + 3*q. Let g be (-14)/21*(-9)/6. Let l be o(g). What is the greatest common factor of 36 and l?
12
Suppose -3*x + x - 5*a - 7 = 0, 2*x = a + 11. What is the highest common divisor of x and 28?
4
Suppose 3*y + 58 = -c, -y - 2*c - 21 = -5. Let r = y - -97. Let o = -17 + r. Calculate the highest common divisor of 40 and o.
20
Let u(t) = -6*t + 2. Let w be u(-3). Calculate the greatest common divisor of w and 4.
4
Let f(m) = m**3 - 6*m**2 - 9*m - 8. Let r be f(7). Let j = -7 - r. Let n be 3/2*10/3. Calculate the highest common divisor of n and j.
5
Let c be 4/(-2) - (15 - 2). Let p = -6 - c. Calculate the highest common factor of 81 and p.
9
Let o be (-1)/(-2) - ((-114)/4)/3. Calculate the greatest common divisor of o and 80.
10
Let q = -15 - -24. Calculate the greatest common factor of 9 and q.
9
Let y(w) = w**2 + 3*w + 6. Let j be y(-6). Suppose 4*f = -s + 24, f - 2 + 22 = 3*s. Calculate the highest common divisor of s and j.
8
Let r = -211 - -363. What is the highest common factor of r and 19?
19
Suppose -5*s + s = -484. Suppose 4*c - 4*y - 11 = -y, 3*c + 3*y = -18. Let g be 1 + (c - (1 - 12)). What is the highest common divisor of s and g?
11
Let w be 20/25*(-25)/(-2). Suppose 0 = -2*k - 2*j + 94, 0*k + 2*k - 5*j - 115 = 0. Calculate the greatest common factor of k and w.
10
Let m(p) = 33*p - 1. Let z be m(3). What is the highest common divisor of z and 14?
14
Suppose -5*j = -75 - 15. Let i be (2 + -2)/((-1)/(-1)). Let q = 3 + i. What is the greatest common divisor of j and q?
3
Let m be (10/35 - (-19)/7) + 12. Calculate the greatest common factor of m and 75.
15
Let d be (3/6)/((-1)/100). Let l = d - -120. What is the greatest common divisor of l and 10?
10
Let v(x) = -x**2 - 9*x - 10. Let g = 29 + -18. Let k = g + -18. Let w be v(k). Calculate the highest common factor of w and 4.
4
Suppose 5*z - 33 = 4*z. Calculate the highest common factor of z and 11.
11
Let i(v) = -v**2 + 20*v + 16. Let h be i(20). What is the greatest common factor of 112 and h?
16
Let l(h) = -15*h - 8. Let d be l(-6). Suppose 13 - d = -3*u. Let o(a) = 3*a**2 - 4. Let v be o(3). What is the highest common factor of u and v?
23
Suppose 0 = -l + 2 - 0. Suppose -l*t - 1 = -281. Let r(y) = 4*y - 24. Let g be r(11). Calculate the greatest common divisor of g and t.
20
Let n(y) = -8*y + 2. Let i(v) = -7*v + 3. Let c(k) = -3*i(k) + 4*n(k). Let z be c(-2). Calculate the highest common factor of 63 and z.
21
Let q(r) = r**3 - 3*r**2 + 15*r - 2. Let p be q(6). What is the highest common factor of 49 and p?
49
Suppose -2*l + 58 = -2*f, 0*l + 59 = 2*l - 3*f. What is the highest common divisor of 252 and l?
28
Let i = 47 + -30. What is the highest common factor of 17 and i?
17
Suppose -2*y = -5*d - 29, 3*y - 2*y - 15 = 3*d. Suppose 140 = 2*b + y. What is the greatest common factor of 8 and b?
8
Let n be ((-4)/(-10))/((-2)/(-230)). Calculate the highest common factor of n and 368.
46
Let j be (-36)/8*-1*108/2. What is the greatest common divisor of 9 and j?
9
Suppose -4*w + 18 = -3*i - 51, 4*w + i = 57. What is the highest common divisor of 3 and w?
3
Let a be 204/2*2/(1 - -3). Calculate the highest common factor of 34 and a.
17
Let g(s) = 3*s**2 + 1. Let i be g(1). Suppose -i = -2*q + 8. Calculate the greatest common divisor of 24 and q.
6
Let r be 2/7*1 - 3620/(-70). What is the greatest common factor of 416 and r?
52
Let v be 3/((-15)/10) - -453. What is the highest co